{"id":9951,"date":"2022-07-29T13:46:25","date_gmt":"2022-07-29T11:46:25","guid":{"rendered":"https:\/\/www.apros.it\/privacy-policy\/"},"modified":"2023-09-20T19:46:18","modified_gmt":"2023-09-20T17:46:18","slug":"privacy-policy","status":"publish","type":"page","link":"https:\/\/www.apros.it\/en\/privacy-policy\/","title":{"rendered":"Privacy Policy"},"content":{"rendered":"\n<h2 class=\"wp-block-heading\">Privacy Policy CV<br\/><\/h2>\n\n<p>Apros S.r.l., in persona del suo legale rappresentante p.t., P.Iva 03232990287, sede legale a Arsego di S. Giorgio delle Pertiche (PD) Via Lago del Centro Cadore n. 3, in qualit\u00e0 di titolare del trattamento (in seguito \u201cTitolare\u201d),<\/p>\n\n<p><strong>TI INFORMA<\/strong><\/p>\n\n<p>ai sensi del Regolamento UE 2016\/679 relativo alla protezione delle persone fisiche con riguardo al trattamento dei dati personali (in seguito \u201cGDPR\u201d) che i Tuoi dati saranno trattati nel rispetto della predetta normativa e con le modalit\u00e0 e per le finalit\u00e0 di seguito specificate:<\/p>\n\n<p><strong>1 &#8211; OGGETTO DEL TRATTAMENTO E NATURA DEI DATI<\/strong><\/p>\n\n<p>Il Titolare, nell\u2019ambito della sua attivit\u00e0, tratta i Tuoi dati personali raccolti in occasione dell\u2019inserimento volontario dei predetti dati personali nella form di un\u2019autocandidatura presente sul nostro sito web nella sezione \u201cLavora con noi\u201d. Tramite detta form hai la possibilit\u00e0 di compilare dei campi pre-impostati riguardanti i dati anagrafici e le esperienze lavorative, oltre ad allegare ed inviare il curriculum vita.<\/p>\n\n<p><strong>2 \u2013 FINALIT\u00c0 DEL TRATTAMENTO<\/strong><\/p>\n\n<p>I dati personali sono trattati, per la seguente finalit\u00e0 e base giuridica di riferimento:<\/p>\n\n<p><strong>2.1 Esecuzione del contratto &#8211; adempimento obbligo di legge (art. 6 <\/strong><strong>lett. b, lett. C del GDPR)<\/strong><\/p>\n\n<p>Il Titolare tratter\u00e0 i dati personali ricevuti solo per finalit\u00e0 di selezione del personale e valutazione del profilo del candidato in relazione all\u2019attivit\u00e0\u00a0di\u00a0reclutamento\u00a0del personale presso la nostra Societ\u00e0.<\/p>\n\n<p><strong>3 &#8211; DESTINATARI O CATEGORIE DI DESTINATARI DEI DATI<\/strong><\/p>\n\n<p>I dati di natura personale forniti non sono comunicati a destinatari terzi essendo esclusivamente oggetto di trattamento all\u2019interno dell\u2019azienda.<\/p>\n\n<p><strong>4 \u2013 MODALIT\u00c0 DEL TRATTAMENTO<\/strong><\/p>\n\n<p>Il trattamento sar\u00e0 effettuato sia con strumenti manuali e\/o informatici e telematici nonch\u00e9 con logiche di organizzazione ed elaborazione strettamente correlate alle predette finalit\u00e0 e comunque in modo da garantire la sicurezza, l&#8217;integrit\u00e0, la disponibilit\u00e0 e la riservatezza dei dati personali.<\/p>\n\n<p>Nel rispetto di quanto previsto dall\u2019art. 5 comma 1 lett. e) del GDPR, i dati personali raccolti verranno conservati in una forma che consenta l\u2019identificazione degli interessati per un arco di tempo non superiore al conseguimento delle finalit\u00e0\u0300 per le quali i dati personali sono trattati.<\/p>\n\n<p><strong>5<\/strong><strong> \u2013 CONFERIMENTO DEI DATI<\/strong><\/p>\n\n<p>Si informa che, tenuto conto delle finalit\u00e0 del trattamento specificato al punto 2.1, il\u00a0conferimento dei dati \u00e8 obbligatorio\u00a0ed il loro mancato, parziale o inesatto conferimento potr\u00e0 avere, come conseguenza, l&#8217;impossibilit\u00e0 di svolgere la predetta attivit\u00e0.<\/p>\n\n<p>Si invitano ad ogni modo i gentili candidati ad evitare d\u2019inserire nel proprio curriculum dati particolari (relativi, in particolare, allo stato di salute, alle convinzioni religiose, filosofiche o politiche) non pertinenti in relazione alla selezione del personale.<\/p>\n\n<p><strong>6 &#8211; TRASFERIMENTO DATI VERSO UN PAESE TERZO E\/O UN\u2019ORGANIZZAZIONE INTERNAZIONALE<\/strong><\/p>\n\n<p>I dati di natura personale forniti non sono trasferiti all\u2019esterno dell\u2019Unione Europea.<\/p>\n\n<p><strong>7 \u2013 DURATA DEL TRATTAMENTO<\/strong><\/p>\n\n<p>I dati personali vengono conservati per un periodo massimo di 1 anno o per il periodo stabilito dalla normativa o da Provvedimenti emessi dell\u2019Autorit\u00e0 di controllo.\u00a0 \u00a0<\/p>\n\n<p><strong>8 &#8211; DIRITTI DELL\u2019INTERESSATO<\/strong><\/p>\n\n<p>Lei potr\u00e0, in qualsiasi momento, esercitare i diritti cos\u00ec come espressi dagli artt. 15, 16, 17, 18, 19, 20, 21, 22 del Regolamento UE 2016\/679, ed in particolare:<\/p>\n\n<p>\u25a1 di accesso ai dati personali;\u00a0<\/p>\n\n<p>\u25a1 di ottenere la rettifica o la cancellazione degli stessi o la limitazione del trattamento che lo riguardano;<\/p>\n\n<p>\u25a1 di opporsi al trattamento;<\/p>\n\n<p>\u25a1 alla portabilit\u00e0 dei dati;<\/p>\n\n<p>\u25a1 di revocare il consenso: la revoca del consenso non pregiudica la liceit\u00e0 del trattamento basata sul consenso conferito prima della revoca;<\/p>\n\n<p>\u25a1 di proporre reclamo all&#8217;Autorit\u00e0 di Controllo (Garante Privacy).<\/p>\n\n<p>L\u2019esercizio dei Tuoi diritti potr\u00e0 avvenire attraverso l\u2019invio al Titolare del trattamento di una <strong>richiesta ai seguenti contatti<\/strong>:<\/p>\n\n<ul class=\"wp-block-list\">\n<li>Indirizzo: Via Lago del Centro Cadore, 3 \u2013 35010 Arsego di S. Giorgio delle Pertiche (PD)<\/li>\n\n\n\n<li>Email: info@apros.it<\/li>\n\n\n\n<li>Telefono: 049.9330063<\/li>\n<\/ul>\n","protected":false},"excerpt":{"rendered":"<p>Privacy Policy CV Apros S.r.l., in persona del suo legale rappresentante p.t., P.Iva 03232990287, sede legale a Arsego di S. Giorgio delle Pertiche (PD) Via Lago del Centro Cadore n. 3, in qualit\u00e0 di titolare del trattamento (in seguito \u201cTitolare\u201d), TI INFORMA ai sensi del Regolamento UE 2016\/679 relativo alla protezione delle persone fisiche con [&hellip;]<\/p>\n","protected":false},"author":3,"featured_media":0,"parent":0,"menu_order":0,"comment_status":"closed","ping_status":"closed","template":"","meta":{"_acf_changed":false,"footnotes":""},"class_list":["post-9951","page","type-page","status-publish","hentry"],"acf":[],"yoast_head":"<!-- This site is optimized with the Yoast SEO plugin v27.3 - https:\/\/yoast.com\/product\/yoast-seo-wordpress\/ -->\n<title>Privacy Policy - Apros: flues, flue accessories, painted pipes for wood and pellet stoves<\/title>\n<meta name=\"robots\" content=\"index, follow, max-snippet:-1, max-image-preview:large, max-video-preview:-1\" \/>\n<link rel=\"canonical\" href=\"https:\/\/www.apros.it\/en\/privacy-policy\/\" \/>\n<meta property=\"og:locale\" content=\"en_US\" \/>\n<meta property=\"og:type\" content=\"article\" \/>\n<meta property=\"og:title\" content=\"Privacy Policy - Apros: flues, flue accessories, painted pipes for wood and pellet stoves\" \/>\n<meta property=\"og:description\" content=\"Privacy Policy CV Apros S.r.l., in persona del suo legale rappresentante p.t., P.Iva 03232990287, sede legale a Arsego di S. Giorgio delle Pertiche (PD) Via Lago del Centro Cadore n. 3, in qualit\u00e0 di titolare del trattamento (in seguito \u201cTitolare\u201d), TI INFORMA ai sensi del Regolamento UE 2016\/679 relativo alla protezione delle persone fisiche con [&hellip;]\" \/>\n<meta property=\"og:url\" content=\"https:\/\/www.apros.it\/en\/privacy-policy\/\" \/>\n<meta property=\"og:site_name\" content=\"Apros: flues, flue accessories, painted pipes for wood and pellet stoves\" \/>\n<meta property=\"article:modified_time\" content=\"2023-09-20T17:46:18+00:00\" \/>\n<meta name=\"twitter:card\" content=\"summary_large_image\" \/>\n<meta name=\"twitter:label1\" content=\"Est. reading time\" \/>\n\t<meta name=\"twitter:data1\" content=\"3 minutes\" \/>\n<script type=\"application\/ld+json\" class=\"yoast-schema-graph\">{\"@context\":\"https:\\\/\\\/schema.org\",\"@graph\":[{\"@type\":\"WebPage\",\"@id\":\"https:\\\/\\\/www.apros.it\\\/en\\\/privacy-policy\\\/\",\"url\":\"https:\\\/\\\/www.apros.it\\\/en\\\/privacy-policy\\\/\",\"name\":\"Privacy Policy - Apros: flues, flue accessories, painted pipes for wood and pellet stoves\",\"isPartOf\":{\"@id\":\"https:\\\/\\\/www.apros.it\\\/en\\\/#website\"},\"datePublished\":\"2022-07-29T11:46:25+00:00\",\"dateModified\":\"2023-09-20T17:46:18+00:00\",\"breadcrumb\":{\"@id\":\"https:\\\/\\\/www.apros.it\\\/en\\\/privacy-policy\\\/#breadcrumb\"},\"inLanguage\":\"en-US\",\"potentialAction\":[{\"@type\":\"ReadAction\",\"target\":[\"https:\\\/\\\/www.apros.it\\\/en\\\/privacy-policy\\\/\"]}]},{\"@type\":\"BreadcrumbList\",\"@id\":\"https:\\\/\\\/www.apros.it\\\/en\\\/privacy-policy\\\/#breadcrumb\",\"itemListElement\":[{\"@type\":\"ListItem\",\"position\":1,\"name\":\"Home\",\"item\":\"https:\\\/\\\/www.apros.it\\\/en\\\/\"},{\"@type\":\"ListItem\",\"position\":2,\"name\":\"Privacy Policy\"}]},{\"@type\":\"WebSite\",\"@id\":\"https:\\\/\\\/www.apros.it\\\/en\\\/#website\",\"url\":\"https:\\\/\\\/www.apros.it\\\/en\\\/\",\"name\":\"Apros: flues, flue accessories, painted pipes for wood and pellet stoves\",\"description\":\"\",\"potentialAction\":[{\"@type\":\"SearchAction\",\"target\":{\"@type\":\"EntryPoint\",\"urlTemplate\":\"https:\\\/\\\/www.apros.it\\\/en\\\/?s={search_term_string}\"},\"query-input\":{\"@type\":\"PropertyValueSpecification\",\"valueRequired\":true,\"valueName\":\"search_term_string\"}}],\"inLanguage\":\"en-US\"}]}<\/script>\n<!-- \/ Yoast SEO plugin. -->","yoast_head_json":{"title":"Privacy Policy - Apros: flues, flue accessories, painted pipes for wood and pellet stoves","robots":{"index":"index","follow":"follow","max-snippet":"max-snippet:-1","max-image-preview":"max-image-preview:large","max-video-preview":"max-video-preview:-1"},"canonical":"https:\/\/www.apros.it\/en\/privacy-policy\/","og_locale":"en_US","og_type":"article","og_title":"Privacy Policy - Apros: flues, flue accessories, painted pipes for wood and pellet stoves","og_description":"Privacy Policy CV Apros S.r.l., in persona del suo legale rappresentante p.t., P.Iva 03232990287, sede legale a Arsego di S. Giorgio delle Pertiche (PD) Via Lago del Centro Cadore n. 3, in qualit\u00e0 di titolare del trattamento (in seguito \u201cTitolare\u201d), TI INFORMA ai sensi del Regolamento UE 2016\/679 relativo alla protezione delle persone fisiche con [&hellip;]","og_url":"https:\/\/www.apros.it\/en\/privacy-policy\/","og_site_name":"Apros: flues, flue accessories, painted pipes for wood and pellet stoves","article_modified_time":"2023-09-20T17:46:18+00:00","twitter_card":"summary_large_image","twitter_misc":{"Est. reading time":"3 minutes"},"schema":{"@context":"https:\/\/schema.org","@graph":[{"@type":"WebPage","@id":"https:\/\/www.apros.it\/en\/privacy-policy\/","url":"https:\/\/www.apros.it\/en\/privacy-policy\/","name":"Privacy Policy - Apros: flues, flue accessories, painted pipes for wood and pellet stoves","isPartOf":{"@id":"https:\/\/www.apros.it\/en\/#website"},"datePublished":"2022-07-29T11:46:25+00:00","dateModified":"2023-09-20T17:46:18+00:00","breadcrumb":{"@id":"https:\/\/www.apros.it\/en\/privacy-policy\/#breadcrumb"},"inLanguage":"en-US","potentialAction":[{"@type":"ReadAction","target":["https:\/\/www.apros.it\/en\/privacy-policy\/"]}]},{"@type":"BreadcrumbList","@id":"https:\/\/www.apros.it\/en\/privacy-policy\/#breadcrumb","itemListElement":[{"@type":"ListItem","position":1,"name":"Home","item":"https:\/\/www.apros.it\/en\/"},{"@type":"ListItem","position":2,"name":"Privacy Policy"}]},{"@type":"WebSite","@id":"https:\/\/www.apros.it\/en\/#website","url":"https:\/\/www.apros.it\/en\/","name":"Apros: flues, flue accessories, painted pipes for wood and pellet stoves","description":"","potentialAction":[{"@type":"SearchAction","target":{"@type":"EntryPoint","urlTemplate":"https:\/\/www.apros.it\/en\/?s={search_term_string}"},"query-input":{"@type":"PropertyValueSpecification","valueRequired":true,"valueName":"search_term_string"}}],"inLanguage":"en-US"}]}},"_links":{"self":[{"href":"https:\/\/www.apros.it\/en\/wp-json\/wp\/v2\/pages\/9951","targetHints":{"allow":["GET"]}}],"collection":[{"href":"https:\/\/www.apros.it\/en\/wp-json\/wp\/v2\/pages"}],"about":[{"href":"https:\/\/www.apros.it\/en\/wp-json\/wp\/v2\/types\/page"}],"author":[{"embeddable":true,"href":"https:\/\/www.apros.it\/en\/wp-json\/wp\/v2\/users\/3"}],"replies":[{"embeddable":true,"href":"https:\/\/www.apros.it\/en\/wp-json\/wp\/v2\/comments?post=9951"}],"version-history":[{"count":1,"href":"https:\/\/www.apros.it\/en\/wp-json\/wp\/v2\/pages\/9951\/revisions"}],"predecessor-version":[{"id":9952,"href":"https:\/\/www.apros.it\/en\/wp-json\/wp\/v2\/pages\/9951\/revisions\/9952"}],"wp:attachment":[{"href":"https:\/\/www.apros.it\/en\/wp-json\/wp\/v2\/media?parent=9951"}],"curies":[{"name":"wp","href":"https:\/\/api.w.org\/{rel}","templated":true}]}}

<h2 class="wp-block-heading">Privacy Policy CV<br/></h2>

<p>Apros S.r.l., in persona del suo legale rappresentante p.t., P.Iva 03232990287, sede legale a Arsego di S. Giorgio delle Pertiche (PD) Via Lago del Centro Cadore n. 3, in qualità di titolare del trattamento (in seguito “Titolare”),</p>

<p><strong>TI INFORMA</strong></p>

<p>ai sensi del Regolamento UE 2016/679 relativo alla protezione delle persone fisiche con riguardo al trattamento dei dati personali (in seguito “GDPR”) che i Tuoi dati saranno trattati nel rispetto della predetta normativa e con le modalità e per le finalità di seguito specificate:</p>

<p><strong>1 &#8211; OGGETTO DEL TRATTAMENTO E NATURA DEI DATI</strong></p>

<p>Il Titolare, nell’ambito della sua attività, tratta i Tuoi dati personali raccolti in occasione dell’inserimento volontario dei predetti dati personali nella form di un’autocandidatura presente sul nostro sito web nella sezione “Lavora con noi”. Tramite detta form hai la possibilità di compilare dei campi pre-impostati riguardanti i dati anagrafici e le esperienze lavorative, oltre ad allegare ed inviare il curriculum vita.</p>

<p><strong>2 – FINALITÀ DEL TRATTAMENTO</strong></p>

<p>I dati personali sono trattati, per la seguente finalità e base giuridica di riferimento:</p>

<p><strong>2.1 Esecuzione del contratto &#8211; adempimento obbligo di legge (art. 6 </strong><strong>lett. b, lett. C del GDPR)</strong></p>

<p>Il Titolare tratterà i dati personali ricevuti solo per finalità di selezione del personale e valutazione del profilo del candidato in relazione all’attività di reclutamento del personale presso la nostra Società.</p>

<p><strong>3 &#8211; DESTINATARI O CATEGORIE DI DESTINATARI DEI DATI</strong></p>

<p>I dati di natura personale forniti non sono comunicati a destinatari terzi essendo esclusivamente oggetto di trattamento all’interno dell’azienda.</p>

<p><strong>4 – MODALITÀ DEL TRATTAMENTO</strong></p>

<p>Il trattamento sarà effettuato sia con strumenti manuali e/o informatici e telematici nonché con logiche di organizzazione ed elaborazione strettamente correlate alle predette finalità e comunque in modo da garantire la sicurezza, l&#8217;integrità, la disponibilità e la riservatezza dei dati personali.</p>

<p>Nel rispetto di quanto previsto dall’art. 5 comma 1 lett. e) del GDPR, i dati personali raccolti verranno conservati in una forma che consenta l’identificazione degli interessati per un arco di tempo non superiore al conseguimento delle finalità̀ per le quali i dati personali sono trattati.</p>

<p><strong>5</strong><strong> – CONFERIMENTO DEI DATI</strong></p>

<p>Si informa che, tenuto conto delle finalità del trattamento specificato al punto 2.1, il conferimento dei dati è obbligatorio ed il loro mancato, parziale o inesatto conferimento potrà avere, come conseguenza, l&#8217;impossibilità di svolgere la predetta attività.</p>

<p>Si invitano ad ogni modo i gentili candidati ad evitare d’inserire nel proprio curriculum dati particolari (relativi, in particolare, allo stato di salute, alle convinzioni religiose, filosofiche o politiche) non pertinenti in relazione alla selezione del personale.</p>

<p><strong>6 &#8211; TRASFERIMENTO DATI VERSO UN PAESE TERZO E/O UN’ORGANIZZAZIONE INTERNAZIONALE</strong></p>

<p>I dati di natura personale forniti non sono trasferiti all’esterno dell’Unione Europea.</p>

<p><strong>7 – DURATA DEL TRATTAMENTO</strong></p>

<p>I dati personali vengono conservati per un periodo massimo di 1 anno o per il periodo stabilito dalla normativa o da Provvedimenti emessi dell’Autorità di controllo.   </p>

<p><strong>8 &#8211; DIRITTI DELL’INTERESSATO</strong></p>

<p>Lei potrà, in qualsiasi momento, esercitare i diritti così come espressi dagli artt. 15, 16, 17, 18, 19, 20, 21, 22 del Regolamento UE 2016/679, ed in particolare:</p>

<p>□ di accesso ai dati personali; </p>

<p>□ di ottenere la rettifica o la cancellazione degli stessi o la limitazione del trattamento che lo riguardano;</p>

<p>□ di opporsi al trattamento;</p>

<p>□ alla portabilità dei dati;</p>

<p>□ di revocare il consenso: la revoca del consenso non pregiudica la liceità del trattamento basata sul consenso conferito prima della revoca;</p>

<p>□ di proporre reclamo all&#8217;Autorità di Controllo (Garante Privacy).</p>

<p>L’esercizio dei Tuoi diritti potrà avvenire attraverso l’invio al Titolare del trattamento di una <strong>richiesta ai seguenti contatti</strong>:</p>

<ul class="wp-block-list">
<li>Indirizzo: Via Lago del Centro Cadore, 3 – 35010 Arsego di S. Giorgio delle Pertiche (PD)</li>



<li>Email: info@apros.it</li>



<li>Telefono: 049.9330063</li>
</ul>

<p>Privacy Policy CV Apros S.r.l., in persona del suo legale rappresentante p.t., P.Iva 03232990287, sede legale a Arsego di S. Giorgio delle Pertiche (PD) Via Lago del Centro Cadore n. 3, in qualità di titolare del trattamento (in seguito “Titolare”), TI INFORMA ai sensi del Regolamento UE 2016/679 relativo alla protezione delle persone fisiche con [&hellip;]</p>

<!-- This site is optimized with the Yoast SEO plugin v27.3 - https://yoast.com/product/yoast-seo-wordpress/ -->
<title>Privacy Policy - Apros: flues, flue accessories, painted pipes for wood and pellet stoves</title>
<meta name="robots" content="index, follow, max-snippet:-1, max-image-preview:large, max-video-preview:-1" />
<link rel="canonical" href="https://www.apros.it/en/privacy-policy/" />
<meta property="og:locale" content="en_US" />
<meta property="og:type" content="article" />
<meta property="og:title" content="Privacy Policy - Apros: flues, flue accessories, painted pipes for wood and pellet stoves" />
<meta property="og:description" content="Privacy Policy CV Apros S.r.l., in persona del suo legale rappresentante p.t., P.Iva 03232990287, sede legale a Arsego di S. Giorgio delle Pertiche (PD) Via Lago del Centro Cadore n. 3, in qualità di titolare del trattamento (in seguito “Titolare”), TI INFORMA ai sensi del Regolamento UE 2016/679 relativo alla protezione delle persone fisiche con [&hellip;]" />
<meta property="og:url" content="https://www.apros.it/en/privacy-policy/" />
<meta property="og:site_name" content="Apros: flues, flue accessories, painted pipes for wood and pellet stoves" />
<meta property="article:modified_time" content="2023-09-20T17:46:18+00:00" />
<meta name="twitter:card" content="summary_large_image" />
<meta name="twitter:label1" content="Est. reading time" />
	<meta name="twitter:data1" content="3 minutes" />
<script type="application/ld+json" class="yoast-schema-graph">{"@context":"https:\/\/schema.org","@graph":[{"@type":"WebPage","@id":"https:\/\/www.apros.it\/en\/privacy-policy\/","url":"https:\/\/www.apros.it\/en\/privacy-policy\/","name":"Privacy Policy - Apros: flues, flue accessories, painted pipes for wood and pellet stoves","isPartOf":{"@id":"https:\/\/www.apros.it\/en\/#website"},"datePublished":"2022-07-29T11:46:25+00:00","dateModified":"2023-09-20T17:46:18+00:00","breadcrumb":{"@id":"https:\/\/www.apros.it\/en\/privacy-policy\/#breadcrumb"},"inLanguage":"en-US","potentialAction":[{"@type":"ReadAction","target":["https:\/\/www.apros.it\/en\/privacy-policy\/"]}]},{"@type":"BreadcrumbList","@id":"https:\/\/www.apros.it\/en\/privacy-policy\/#breadcrumb","itemListElement":[{"@type":"ListItem","position":1,"name":"Home","item":"https:\/\/www.apros.it\/en\/"},{"@type":"ListItem","position":2,"name":"Privacy Policy"}]},{"@type":"WebSite","@id":"https:\/\/www.apros.it\/en\/#website","url":"https:\/\/www.apros.it\/en\/","name":"Apros: flues, flue accessories, painted pipes for wood and pellet stoves","description":"","potentialAction":[{"@type":"SearchAction","target":{"@type":"EntryPoint","urlTemplate":"https:\/\/www.apros.it\/en\/?s={search_term_string}"},"query-input":{"@type":"PropertyValueSpecification","valueRequired":true,"valueName":"search_term_string"}}],"inLanguage":"en-US"}]}</script>
<!-- / Yoast SEO plugin. -->

Privacy Policy CV Apros S.r.l., in persona del suo legale rappresentante p.t., P.Iva 03232990287, sede legale a Arsego di S. Giorgio delle Pertiche (PD) Via Lago del Centro Cadore n. 3, in qualità di titolare del trattamento (in seguito “Titolare”), TI INFORMA ai sensi del Regolamento UE 2016/679 relativo alla protezione delle persone fisiche con [&hellip;]
